11-01 15:16:07.528 688 1852 I ActivityTaskManager: START u0 {act=android.intent.action.GET_CONTENT cat=[android.intent.category.OPENABLE] typ=*/* flg=0x3800000 cmp=android/com.android.internal.app.ResolverActivity} with LAUNCH_MULTIPLE from uid 10107 (BAL_ALLOW_VISIBLE_WINDOW) result code=0
11-01 15:16:07.529 1702 1743 D MonitorActivityService: activityResuming: android
11-01 15:16:07.554 688 2144 D IntervalStats: Unable to parse usage stats packages: [156, 157, 158, 159]
11-01 15:16:07.557 688 2144 D IntervalStats: Unable to parse usage stats packages: [159]
11-01 15:16:07.594 688 2144 D IntervalStats: Unable to parse usage stats packages: [161, 162, 163, 164, 165]
11-01 15:16:07.615 17699 17699 I ResolverListAdapter: Add DisplayResolveInfo component: ComponentInfo{com.google.android.providers.media.module/com.android.providers.media.photopicker.PhotoPickerGetContentActivity}, intent component: ComponentInfo{com.google.android.providers.media.module/com.android.providers.media.photopicker.PhotoPickerGetContentActivity}
11-01 15:16:07.624 1702 1743 D MonitorActivityService: activityStarting: com.google.android.providers.media.module, Intent { act=android.intent.action.GET_CONTENT cat=[android.intent.category.OPENABLE] typ=*/* cmp=com.google.android.providers.media.module/com.android.providers.media.photopicker.PhotoPickerGetContentActivity }
11-01 15:16:07.624 1702 1743 D AppLaunchBooster: activityStarting: com.google.android.providers.media.module, Intent { act=android.intent.action.GET_CONTENT cat=[android.intent.category.OPENABLE] typ=*/* cmp=com.google.android.providers.media.module/com.android.providers.media.photopicker.PhotoPickerGetContentActivity }
11-01 15:16:07.626 1702 1743 D AppLaunchBooster: Running package = android
11-01 15:16:07.628 688 2144 E CellBroadcastUtils: getDefaultCellBroadcastReceiverPackageName: no package found
11-01 15:16:07.630 741 748 I mtkpower@impl: [setMode] type:5, enabled:1
11-01 15:16:07.631 741 773 I libPowerHal: [perfLockAcq] idx:0 hdl:47108 hint:61 pid:741 tid:741 duration:30000 lock_user:vendor.mediatek => ret_hdl:47108
11-01 15:16:07.631 741 773 I libPowerHal: [setClusterFreq] LAUNCH set cpufreq[0] min:2000000 max:-1
11-01 15:16:07.632 741 773 I libPowerHal: [perfLockRel] hdl:47107, idx:1
11-01 15:16:07.635 688 2144 I ActivityTaskManager: START u0 {act=android.intent.action.GET_CONTENT cat=[android.intent.category.OPENABLE] typ=*/* flg=0x3000000 cmp=com.google.android.providers.media.module/com.android.providers.media.photopicker.PhotoPickerGetContentActivity} with LAUNCH_MULTIPLE from uid 10107 (realCallingUid=1000) (BAL_ALLOW_VISIBLE_WINDOW) result code=0
11-01 15:16:07.637 1702 1743 D MonitorActivityService: activityResuming: com.google.android.providers.media.module
11-01 15:16:07.643 1045 1086 D WindowManagerShell: TvPipController: onTaskStackChanged()
11-01 15:16:07.664 26715 26715 I PhotoPickerActivity: Launch DocumentsUI and finish picker
11-01 15:16:07.668 1702 1743 D MonitorActivityService: activityStarting: android, Intent { act=android.intent.action.GET_CONTENT cat=[android.intent.category.OPENABLE] typ=*/* cmp=android/com.android.internal.app.ResolverActivity }
11-01 15:16:07.668 1702 1743 D AppLaunchBooster: activityStarting: android, Intent { act=android.intent.action.GET_CONTENT cat=[android.intent.category.OPENABLE] typ=*/* cmp=android/com.android.internal.app.ResolverActivity }
11-01 15:16:07.669 1702 1743 D AppLaunchBooster: Running package = com.google.android.providers.media.module
11-01 15:16:07.671 688 1759 E CellBroadcastUtils: getDefaultCellBroadcastReceiverPackageName: no package found
11-01 15:16:07.673 741 748 I mtkpower@impl: [setMode] type:5, enabled:1
11-01 15:16:07.674 741 773 I libPowerHal: [perfLockAcq] idx:1 hdl:47109 hint:61 pid:741 tid:741 duration:30000 lock_user:vendor.mediatek => ret_hdl:47109
11-01 15:16:07.674 741 773 I libPowerHal: [setClusterFreq] LAUNCH set cpufreq[0] min:2000000 max:-1
11-01 15:16:07.675 741 773 I libPowerHal: [perfLockRel] hdl:47108, idx:0
11-01 15:16:07.680 688 1759 I ActivityTaskManager: START u0 {act=android.intent.action.GET_CONTENT cat=[android.intent.category.OPENABLE] typ=*/* flg=0x3800000 cmp=android/com.android.internal.app.ResolverActivity} with LAUNCH_MULTIPLE from uid 10107 (BAL_ALLOW_VISIBLE_WINDOW) result code=0
11-01 15:16:07.681 1702 1743 D MonitorActivityService: activityResuming: android
11-01 15:16:07.705 688 1759 D IntervalStats: Unable to parse usage stats packages: [156, 157, 158, 159]
11-01 15:16:07.708 688 1759 D IntervalStats: Unable to parse usage stats packages: [159]
11-01 15:16:07.743 688 1759 D IntervalStats: Unable to parse usage stats packages: [161, 162, 163, 164, 165]
11-01 15:16:07.763 17699 17699 I ResolverListAdapter: Add DisplayResolveInfo component: ComponentInfo{com.google.android.providers.media.module/com.android.providers.media.photopicker.PhotoPickerGetContentActivity}, intent component: ComponentInfo{com.google.android.providers.media.module/com.android.providers.media.photopicker.PhotoPickerGetContentActivity}
11-01 15:16:07.772 1702 1743 D MonitorActivityService: activityStarting: com.google.android.providers.media.module, Intent { act=android.intent.action.GET_CONTENT cat=[android.intent.category.OPENABLE] typ=*/* cmp=com.google.android.providers.media.module/com.android.providers.media.photopicker.PhotoPickerGetContentActivity }
11-01 15:16:07.772 1702 1743 D AppLaunchBooster: activityStarting: com.google.android.providers.media.module, Intent { act=android.intent.action.GET_CONTENT cat=[android.intent.category.OPENABLE] typ=*/* cmp=com.google.android.providers.media.module/com.android.providers.media.photopicker.PhotoPickerGetContentActivity }
11-01 15:16:07.774 1702 1743 D AppLaunchBooster: Running package = android
11-01 15:16:07.776 688 1759 E CellBroadcastUtils: getDefaultCellBroadcastReceiverPackageName: no package found
11-01 15:16:07.779 741 748 I mtkpower@impl: [setMode] type:5, enabled:1
11-01 15:16:07.780 741 773 I libPowerHal: [perfLockAcq] idx:0 hdl:47110 hint:61 pid:741 tid:741 duration:30000 lock_user:vendor.mediatek => ret_hdl:47110
11-01 15:16:07.780 741 773 I libPowerHal: [setClusterFreq] LAUNCH set cpufreq[0] min:2000000 max:-1
11-01 15:16:07.781 741 773 I libPowerHal: [perfLockRel] hdl:47109, idx:1
11-01 15:16:07.784 688 1759 I ActivityTaskManager: START u0 {act=android.intent.action.GET_CONTENT cat=[android.intent.category.OPENABLE] typ=*/* flg=0x3000000 cmp=com.google.android.providers.media.module/com.android.providers.media.photopicker.PhotoPickerGetContentActivity} with LAUNCH_MULTIPLE from uid 10107 (realCallingUid=1000) (BAL_ALLOW_VISIBLE_WINDOW) result code=0
11-01 15:16:07.785 1702 1743 D MonitorActivityService: activityResuming: com.google.android.providers.media.module
11-01 15:16:07.792 1045 1086 D WindowManagerShell: TvPipController: onTaskStackChanged()
11-01 15:16:07.815 26715 26715 I PhotoPickerActivity: Launch DocumentsUI and finish picker
11-01 15:16:07.818 1702 1743 D MonitorActivityService: activityStarting: android, Intent { act=android.intent.action.GET_CONTENT cat=[android.intent.category.OPENABLE] typ=*/* cmp=android/com.android.internal.app.ResolverActivity }
11-01 15:16:07.818 1702 1743 D AppLaunchBooster: activityStarting: android, Intent { act=android.intent.action.GET_CONTENT cat=[android.intent.category.OPENABLE] typ=*/* cmp=android/com.android.internal.app.ResolverActivity }
11-01 15:16:07.820 1702 1743 D AppLaunchBooster: Running package = com.google.android.providers.media.module
11-01 15:16:07.823 688 1852 E CellBroadcastUtils: getDefaultCellBroadcastReceiverPackageName: no package found
11-01 15:16:07.825 741 748 I mtkpower@impl: [setMode] type:5, enabled:1
11-01 15:16:07.826 741 773 I libPowerHal: [perfLockAcq] idx:1 hdl:47111 hint:61 pid:741 tid:741 duration:30000 lock_user:vendor.mediatek => ret_hdl:47111
11-01 15:16:07.826 741 773 I libPowerHal: [setClusterFreq] LAUNCH set cpufreq[0] min:2000000 max:-1
11-01 15:16:07.826 741 773 I libPowerHal: [perfLockRel] hdl:47110, idx:0
11-01 15:16:07.830 688 1852 I ActivityTaskManager: START u0 {act=android.intent.action.GET_CONTENT cat=[android.intent.category.OPENABLE] typ=*/* flg=0x3800000 cmp=android/com.android.internal.app.ResolverActivity} with LAUNCH_MULTIPLE from uid 10107 (BAL_ALLOW_VISIBLE_WINDOW) result code=0
11-01 15:16:07.831 1702 1743 D MonitorActivityService: activityResuming: android
11-01 15:16:07.861 688 1759 D IntervalStats: Unable to parse usage stats packages: [156, 157, 158, 159]
11-01 15:16:07.865 688 1759 D IntervalStats: Unable to parse usage stats packages: [159]
11-01 15:16:07.900 688 1759 D IntervalStats: Unable to parse usage stats packages: [161, 162, 163, 164, 165]
11-01 15:16:07.921 17699 17699 I ResolverListAdapter: Add DisplayResolveInfo component: ComponentInfo{com.google.android.providers.media.module/com.android.providers.media.photopicker.PhotoPickerGetContentActivity}, intent component: ComponentInfo{com.google.android.providers.media.module/com.android.providers.media.photopicker.PhotoPickerGetContentActivity}
11-01 15:16:07.930 1702 1743 D MonitorActivityService: activityStarting: com.google.android.providers.media.module, Intent { act=android.intent.action.GET_CONTENT cat=[android.intent.category.OPENABLE] typ=*/* cmp=com.google.android.providers.media.module/com.android.providers.media.photopicker.PhotoPickerGetContentActivity }
11-01 15:16:07.930 1702 1743 D AppLaunchBooster: activityStarting: com.google.android.providers.media.module, Intent { act=android.intent.action.GET_CONTENT cat=[android.intent.category.OPENABLE] typ=*/* cmp=com.google.android.providers.media.module/com.android.providers.media.photopicker.PhotoPickerGetContentActivity }
11-01 15:16:07.932 1702 1743 D AppLaunchBooster: Running package = android
11-01 15:16:07.934 688 1759 E CellBroadcastUtils: getDefaultCellBroadcastReceiverPackageName: no package found
11-01 15:16:07.936 741 748 I mtkpower@impl: [setMode] type:5, enabled:1
11-01 15:16:07.936 741 773 I libPowerHal: [perfLockAcq] idx:0 hdl:47112 hint:61 pid:741 tid:741 duration:30000 lock_user:vendor.mediatek => ret_hdl:47112
11-01 15:16:07.937 741 773 I libPowerHal: [setClusterFreq] LAUNCH set cpufreq[0] min:2000000 max:-1
11-01 15:16:07.937 741 773 I libPowerHal: [perfLockRel] hdl:47111, idx:1
11-01 15:16:07.942 688 1759 I ActivityTaskManager: START u0 {act=android.intent.action.GET_CONTENT cat=[android.intent.category.OPENABLE] typ=*/* flg=0x3000000 cmp=com.google.android.providers.media.module/com.android.providers.media.photopicker.PhotoPickerGetContentActivity} with LAUNCH_MULTIPLE from uid 10107 (realCallingUid=1000) (BAL_ALLOW_VISIBLE_WINDOW) result code=0
11-01 15:16:07.943 1702 1743 D MonitorActivityService: activityResuming: com.google.android.providers.media.module
11-01 15:16:07.944 1045 1086 D WindowManagerShell: TvPipController: onTaskStackChanged()
11-01 15:16:07.967 26715 26715 I PhotoPickerActivity: Launch DocumentsUI and finish picker
11-01 15:16:07.970 1702 1743 D MonitorActivityService: activityStarting: android, Intent { act=android.intent.action.GET_CONTENT cat=[android.intent.category.OPENABLE] typ=*/* cmp=android/com.android.internal.app.ResolverActivity }
11-01 15:16:07.970 1702 1743 D AppLaunchBooster: activityStarting: android, Intent { act=android.intent.action.GET_CONTENT cat=[android.intent.category.OPENABLE] typ=*/* cmp=android/com.android.internal.app.ResolverActivity }
11-01 15:16:07.971 1702 1743 D AppLaunchBooster: Running package = com.google.android.providers.media.module
11-01 15:16:07.973 688 2144 E CellBroadcastUtils: getDefaultCellBroadcastReceiverPackageName: no package found
11-01 15:16:07.975 741 748 I mtkpower@impl: [setMode] type:5, enabled:1
11-01 15:16:07.976 741 773 I libPowerHal: [perfLockAcq] idx:1 hdl:47113 hint:61 pid:741 tid:741 duration:30000 lock_user:vendor.mediatek => ret_hdl:47113
11-01 15:16:07.976 741 773 I libPowerHal: [setClusterFreq] LAUNCH set cpufreq[0] min:2000000 max:-1
11-01 15:16:07.977 741 773 I libPowerHal: [perfLockRel] hdl:47112, idx:0
11-01 15:16:07.981 688 2144 I ActivityTaskManager: START u0 {act=android.intent.action.GET_CONTENT cat=[android.intent.category.OPENABLE] typ=*/* flg=0x3800000 cmp=android/com.android.internal.app.ResolverActivity} with LAUNCH_MULTIPLE from uid 10107 (BAL_ALLOW_VISIBLE_WINDOW) result code=0
11-01 15:16:07.982 1702 1743 D MonitorActivityService: activityResuming: android
11-01 15:16:08.006 688 2144 D IntervalStats: Unable to parse usage stats packages: [156, 157, 158, 159]
11-01 15:16:08.010 688 2144 D IntervalStats: Unable to parse usage stats packages: [159]
11-01 15:16:08.049 688 2144 D IntervalStats: Unable to parse usage stats packages: [161, 162, 163, 164, 165]
11-01 15:16:08.086 17699 17699 I ResolverListAdapter: Add DisplayResolveInfo component: ComponentInfo{com.google.android.providers.media.module/com.android.providers.media.photopicker.PhotoPickerGetContentActivity}, intent component: ComponentInfo{com.google.android.providers.media.module/com.android.providers.media.photopicker.PhotoPickerGetContentActivity}
11-01 15:16:08.093 1045 1086 D WindowManagerShell: TvPipController: onTaskStackChanged()
11-01 15:16:08.095 1702 1743 D MonitorActivityService: activityStarting: com.google.android.providers.media.module, Intent { act=android.intent.action.GET_CONTENT cat=[android.intent.category.OPENABLE] typ=*/* cmp=com.google.android.providers.media.module/com.android.providers.media.photopicker.PhotoPickerGetContentActivity }
11-01 15:16:08.095 1702 1743 D AppLaunchBooster: activityStarting: com.google.android.providers.media.module, Intent { act=android.intent.action.GET_CONTENT cat=[android.intent.category.OPENABLE] typ=*/* cmp=com.google.android.providers.media.module/com.android.providers.media.photopicker.PhotoPickerGetContentActivity }
11-01 15:16:08.099 1702 1743 D AppLaunchBooster: Running package = android
11-01 15:16:08.102 688 1852 E CellBroadcastUtils: getDefaultCellBroadcastReceiverPackageName: no package found
11-01 15:16:08.104 741 748 I mtkpower@impl: [setMode] type:5, enabled:1
11-01 15:16:08.105 741 773 I libPowerHal: [perfLockAcq] idx:0 hdl:47114 hint:61 pid:741 tid:741 duration:30000 lock_user:vendor.mediatek => ret_hdl:47114
11-01 15:16:08.105 741 773 I libPowerHal: [setClusterFreq] LAUNCH set cpufreq[0] min:2000000 max:-1
11-01 15:16:08.106 741 773 I libPowerHal: [perfLockRel] hdl:47113, idx:1
11-01 15:16:08.110 688 1852 I ActivityTaskManager: START u0 {act=android.intent.action.GET_CONTENT cat=[android.intent.category.OPENABLE] typ=*/* flg=0x3000000 cmp=com.google.android.providers.media.module/com.android.providers.media.photopicker.PhotoPickerGetContentActivity} with LAUNCH_MULTIPLE from uid 10107 (realCallingUid=1000) (BAL_ALLOW_VISIBLE_WINDOW) result code=0
11-01 15:16:08.112 1702 1743 D MonitorActivityService: activityResuming: com.google.android.providers.media.module
11-01 15:16:08.147 688 698 I system_server: Background young concurrent copying GC freed 270548(22MB) AllocSpace objects, 0(0B) LOS objects, 42% free, 31MB/54MB, paused 365us,205us total 102.959ms
11-01 15:16:08.152 26715 26715 I PhotoPickerActivity: Launch DocumentsUI and finish picker
11-01 15:16:08.154 1702 1743 D MonitorActivityService: activityStarting: android, Intent { act=android.intent.action.GET_CONTENT cat=[android.intent.category.OPENABLE] typ=*/* cmp=android/com.android.internal.app.ResolverActivity }
11-01 15:16:08.154 1702 1743 D AppLaunchBooster: activityStarting: android, Intent { act=android.intent.action.GET_CONTENT cat=[android.intent.category.OPENABLE] typ=*/* cmp=android/com.android.internal.app.ResolverActivity }
11-01 15:16:08.156 1702 1743 D AppLaunchBooster: Running package = com.google.android.providers.media.module
11-01 15:16:08.158 688 2168 E CellBroadcastUtils: getDefaultCellBroadcastReceiverPackageName: no package found